9 composite?
False
Is 90599263 prime?
True
Is 1543417 prime?
True
Is 110626673 composite?
True
Is 12270003 prime?
False
Is 87305587 prime?
True
Is 60859805 a composite number?
True
Is 3736385 a prime number?
False
Is 22464443 composite?
False
Is 52669343 composite?
False
Is 41642123 a prime number?
True
Is 13272673 a prime number?
True
Is 17830861 a composite number?
False
Is 21723803 prime?
False
Is 6243933 a composite number?
True
Is 238499 prime?
True
Is 266517497 a composite number?
False
Is 2090657 a prime number?
False
Is 18767389 prime?
False
Is 8065831 prime?
False
Is 984909 a prime number?
False
Is 140143 a composite number?
False
Is 390703 composite?
False
Is 47609 a composite number?
False
Is 317549639 composite?
True
Is 1467673 a composite number?
False
Is 517615433 prime?
True
Is 7890319 composite?
False
Is 2751307 composite?
True
Is 692411 a composite number?
True
Is 33571663 prime?
True
Is 43995599 prime?
False
Is 1940353 a prime number?
False
Is 208965247 composite?
False
Is 12243831 a composite number?
True
Is 1488281 a prime number?
False
Is 5376349 a prime number?
False
Is 133929893 a composite number?
True
Is 1236883 a prime number?
True
Is 8855683 composite?
True
Is 5205617 a prime number?
True
Is 25515593 a composite number?
False
Is 1270471 composite?
False
Is 531589673 prime?
True
Is 3849379 composite?
False
Is 37766789 a composite number?
False
Is 14601799 prime?
True
Is 33697 a prime number?
False
Is 151517 composite?
False
Is 265880141 composite?
False
Is 24512767 prime?
True
Is 1256093 composite?
True
Is 117209087 prime?
True
Is 67982326 prime?
False
Is 142312903 a prime number?
True
Is 13638239 composite?
False
Is 3326419 prime?
False
Is 155528671 prime?
False
Is 59899031 a prime number?
True
Is 21567955 a composite number?
True
Is 50501729 a prime number?
True
Is 130925813 prime?
True
Is 7454069 a prime number?
False
Is 829445033 prime?
True
Is 19857347 prime?
True
Is 678671 a composite number?
True
Is 2808653 a prime number?
False
Is 18152891 a composite number?
False
Is 167888461 a composite number?
True
Is 121522213 composite?
True
Is 2234833 prime?
True
Is 779327 a prime number?
True
Is 192075745 prime?
False
Is 1964363 prime?
True
Is 67964495 a composite number?
True
Is 549319322 prime?
False
Is 281678699 a prime number?
True
Is 462949 composite?
True
Is 842490835 prime?
False
Is 646237 composite?
False
Is 114286877 prime?
True
Is 6999829 a composite number?
False
Is 16329878 a prime number?
False
Is 6606745 prime?
False
Is 33147307 composite?
True
Is 4540803 a composite number?
True
Is 153866291 prime?
True
Is 91193 composite?
False
Is 4011761 prime?
False
Is 118379311 composite?
True
Is 7430233 prime?
False
Is 2010971 prime?
True
Is 3427121 a prime number?
True
Is 8839459 composite?
False
Is 7392503 prime?
True
Is 235460233 a prime number?
True
Is 156659479 a prime number?
False
Is 107046139 a prime number?
True
Is 28333103 a composite number?
False
Is 1483123 a prime number?
True
Is 15308563 a composite number?
False
Is 456900197 prime?
False
Is 2083137317 a prime number?
True
Is 173674951 composite?
False
Is 169935131 composite?
True
Is 50627 prime?
True
Is 46266217 a composite number?
False
Is 5708749 a composite number?
True
Is 2717921 a prime number?
True
Is 7093687 composite?
True
Is 1717669 a composite number?
False
Is 4642223 a composite number?
False
Is 64297199 prime?
True
Is 44244899 a prime number?
True
Is 18245581 a composite number?
False
Is 213311337 a prime number?
False
Is 1159355 a composite number?
True
Is 42749489 prime?
True
Is 54015761 composite?
False
Is 3609323 prime?
False
Is 177488081 a composite number?
False
Is 7838951 a composite number?
False
Is 11148677 a prime number?
False
Is 9688229 a prime number?
False
Is 1038897443 prime?
False
Is 70315297 a composite number?
True
Is 91313 composite?
True
Is 32864201 prime?
True
Is 60853978 a prime number?
False
Is 749083741 prime?
False
Is 215641 prime?
False
Is 564113 a prime number?
False
Is 57820879 a composite number?
True
Is 80895533 prime?
True
Is 27847979 composite?
True
Is 94592049 composite?
True
Is 2155067 a composite number?
False
Is 51503161 a composite number?
False
Is 10988467 composite?
True
Is 9355217 a composite number?
True
Is 175529 a composite number?
True
Is 1058659907 composite?
False
Is 1265171 a composite number?
True
Is 22181351 composite?
True
Is 823731182 a prime number?
False
Is 2991421 a prime number?
True
Is 80752849 a composite number?
True
Is 3578639 prime?
False
Is 1243927 composite?
False
Is 106539353 a composite number?
True
Is 4871291 prime?
True
Is 117642257 a composite number?
True
Is 29082689 a composite number?
True
Is 123137231 a prime number?
False
Is 1674847 prime?
True
Is 45769421 a composite number?
True
Is 1209023 a composite number?
True
Is 1874251 a prime number?
False
Is 143828669 a prime number?
True
Is 34523407 a composite number?
True
Is 2540551 prime?
False
Is 67806679 a prime number?
True
Is 52561343 composite?
False
Is 4498709 a prime number?
True
Is 35659573 a composite number?
True
Is 16393607 composite?
True
Is 2713899 composite?
True
Is 74595491 composite?
False
Is 219786379 composite?
False
Is 23905877 composite?
False
Is 35245163 prime?
False
Is 435902281 composite?
False
Is 2941634 a composite number?
True
Is 4129457 a composite number?
True
Is 7708297 composite?
True
Is 671491237 a prime number?
True
Is 13081667 composite?
False
Is 81517141 a composite number?
False
Is 26459441 prime?
True
Is 912601 prime?
False
Is 9459511 a prime number?
False
Is 601194821 a prime number?
True
Is 983706457 a composite number?
True
Is 15151859 a prime number?
False
Is 271265293 prime?
False
Is 1852597 a composite number?
False
Is 18840031 prime?
False
Is 169065829 composite?
True
Is 3720533 prime?
False
Is 560578331 a prime number?
False
Is 10906653 a composite number?
True
Is 5715653 prime?
False
Is 5961823 a prime number?
False
Is 356243 prime?
True
Is 47370371 prime?
True
Is 913405 prime?
False
Is 27585823 a composite number?
True
Is 35903213 prime?
False
Is 234635041 prime?
True
Is 40651577 a composite number?
False
Is 1473109 a composite number?
True
Is 57242013 composite?
True
Is 345365689 prime?
True
Is 350587 a prime number?
True
Is 72573467 composite?
False
Is 4426333 a prime number?
False
Is 783417673 composite?
False
Is 7670463 composite?
True
Is 107907857 prime?
False
Is 906749 a prime number?
True
Is 9911581 prime?
True
Is 4346521 a composite number?
False
Is 50456557 prime?
True
Is 1525561 a prime number?
True
Is 7491439 a prime number?
True
Is 1233949 a composite number?
False
Is 175324207 prime?
True
Is 27768781 a prime number?
True
Is 5523367 prime?
False
Is 5374637 a composite number?
False
Is 4239709 a composite number?
True
Is 2717471 composite?
True
Is 1328515 composite?
True
Is 3434993 prime?
False
Is 11892761 prime?
True
Is 33116953 composite?
False
Is 1602413 composite?
True
Is 11094791 prime?
False
Is 254311 prime?
False
Is 1577759 a composite number?
False
Is 7142011 composite?
False
Is 44934007 prime?
True
Is 337261 a composite number?
False
Is 4616189 prime?
True
Is 86235989 prime?
False
Is 1892923 prime?
False
Is 946831 composite?
True
Is 1322129 prime?
True
Is 222764021 a composite number?
True
Is 370293043 composite?
True
Is 13423399 a prime number?
False
Is 908693119 composite?
False
Is 24324613 a composite number?
False
Is 4034291 prime?
False
Is 2231422 a prime number?
False
Is 2899145 a composite number?
True
Is 3673591 a prime number?
True
Is 79866713 a composite number?
True
Is 1335259 composite?
False
Is 93811249 composite?
True
Is 169577 a prime number?
False
Is 42347509 a prime number?
True
Is 97963721 a composite number?
False
Is 9248219 composite?
False
Is 9805153 composite?
True
Is 534779099 prime?
False
Is 34045315 composite?
True
Is 58941569 a prime number?
False
Is 11938105 a prime number?
False
Is 16968169 composite?
False
Is 44770561 a composite number?
True
Is 146164573 a prime number?
False
Is 26059711 a prime number?
True
Is 498053 a composite number?
False
Is 4288447 a prime number?
False
Is 10590947 composite?
False
Is 1701170815 composite?
True
Is 322299137 prime?
True
Is 39747637 a composite number?
True
Is 7807907 a prime number?
F